{"id":141,"date":"2018-10-24T13:13:31","date_gmt":"2018-10-24T13:13:31","guid":{"rendered":"http:\/\/laser-av.com\/?page_id=141"},"modified":"2026-04-25T05:26:43","modified_gmt":"2026-04-25T05:26:43","slug":"esdeveniments","status":"publish","type":"page","link":"http:\/\/laser-av.com\/ca\/esdeveniments\/","title":{"rendered":"Esdeveniments"},"content":{"rendered":"","protected":false},"excerpt":{"rendered":"","protected":false},"author":3,"featured_media":0,"parent":0,"menu_order":0,"comment_status":"closed","ping_status":"closed","template":"page-template-blog.php","meta":{"footnotes":""},"class_list":["post-141","page","type-page","status-publish","hentry"],"yoast_head":"<!-- This site is optimized with the Yoast SEO plugin v23.1 - https:\/\/yoast.com\/wordpress\/plugins\/seo\/ -->\n<title>Esdeveniments i Serveis Audiovisuals Lloguer Pantalla de led Projector Laser<\/title>\n<meta name=\"description\" content=\"Esdeveniments i Serveis Audiovisuals Lloguer Pantalla de led Projector Laser 4k Empresa C\u00e0mera HD Traducci\u00f3 simult\u00e0nia Professional\" \/>\n<meta name=\"robots\" content=\"index, follow, max-snippet:-1, max-image-preview:large, max-video-preview:-1\" \/>\n<link rel=\"canonical\" href=\"http:\/\/laser-av.com\/ca\/esdeveniments\/\" \/>\n<meta property=\"og:locale\" content=\"ca_ES\" \/>\n<meta property=\"og:type\" content=\"article\" \/>\n<meta property=\"og:title\" content=\"Esdeveniments i Serveis Audiovisuals Lloguer Pantalla de led Projector Laser\" \/>\n<meta property=\"og:description\" content=\"Esdeveniments i Serveis Audiovisuals Lloguer Pantalla de led Projector Laser 4k Empresa C\u00e0mera HD Traducci\u00f3 simult\u00e0nia Professional\" \/>\n<meta property=\"og:url\" content=\"http:\/\/laser-av.com\/ca\/esdeveniments\/\" \/>\n<meta property=\"og:site_name\" content=\"Laser Audiovisuales\" \/>\n<meta property=\"article:publisher\" content=\"https:\/\/www.facebook.com\/laseraudiovisuales\/\" \/>\n<meta property=\"article:modified_time\" content=\"2026-04-25T05:26:43+00:00\" \/>\n<meta name=\"twitter:card\" content=\"summary_large_image\" \/>\n<script type=\"application\/ld+json\" class=\"yoast-schema-graph\">{\"@context\":\"https:\/\/schema.org\",\"@graph\":[{\"@type\":\"WebPage\",\"@id\":\"http:\/\/laser-av.com\/ca\/esdeveniments\/\",\"url\":\"http:\/\/laser-av.com\/ca\/esdeveniments\/\",\"name\":\"Esdeveniments i Serveis Audiovisuals Lloguer Pantalla de led Projector Laser\",\"isPartOf\":{\"@id\":\"http:\/\/laser-av.com\/ca\/#website\"},\"datePublished\":\"2018-10-24T13:13:31+00:00\",\"dateModified\":\"2026-04-25T05:26:43+00:00\",\"description\":\"Esdeveniments i Serveis Audiovisuals Lloguer Pantalla de led Projector Laser 4k Empresa C\u00e0mera HD Traducci\u00f3 simult\u00e0nia Professional\",\"breadcrumb\":{\"@id\":\"http:\/\/laser-av.com\/ca\/esdeveniments\/#breadcrumb\"},\"inLanguage\":\"ca\",\"potentialAction\":[{\"@type\":\"ReadAction\",\"target\":[\"http:\/\/laser-av.com\/ca\/esdeveniments\/\"]}]},{\"@type\":\"BreadcrumbList\",\"@id\":\"http:\/\/laser-av.com\/ca\/esdeveniments\/#breadcrumb\",\"itemListElement\":[{\"@type\":\"ListItem\",\"position\":1,\"name\":\"Portada\",\"item\":\"https:\/\/laser-av.com\/ca\/\"},{\"@type\":\"ListItem\",\"position\":2,\"name\":\"Esdeveniments\"}]},{\"@type\":\"WebSite\",\"@id\":\"http:\/\/laser-av.com\/ca\/#website\",\"url\":\"http:\/\/laser-av.com\/ca\/\",\"name\":\"Laser Audiovisuales\",\"description\":\"Empresa de Alquiler de Audiovisuales\",\"publisher\":{\"@id\":\"http:\/\/laser-av.com\/ca\/#organization\"},\"potentialAction\":[{\"@type\":\"SearchAction\",\"target\":{\"@type\":\"EntryPoint\",\"urlTemplate\":\"http:\/\/laser-av.com\/ca\/?s={search_term_string}\"},\"query-input\":\"required name=search_term_string\"}],\"inLanguage\":\"ca\"},{\"@type\":\"Organization\",\"@id\":\"http:\/\/laser-av.com\/ca\/#organization\",\"name\":\"Laser Audiovisuales\",\"url\":\"http:\/\/laser-av.com\/ca\/\",\"logo\":{\"@type\":\"ImageObject\",\"inLanguage\":\"ca\",\"@id\":\"http:\/\/laser-av.com\/ca\/#\/schema\/logo\/image\/\",\"url\":\"http:\/\/laser-av.com\/wp-content\/uploads\/2019\/07\/logo-laser.png\",\"contentUrl\":\"http:\/\/laser-av.com\/wp-content\/uploads\/2019\/07\/logo-laser.png\",\"width\":731,\"height\":253,\"caption\":\"Laser Audiovisuales\"},\"image\":{\"@id\":\"http:\/\/laser-av.com\/ca\/#\/schema\/logo\/image\/\"},\"sameAs\":[\"https:\/\/www.facebook.com\/laseraudiovisuales\/\",\"https:\/\/www.instagram.com\/laseraudiovisuales\/\"]}]}<\/script>\n<!-- \/ Yoast SEO plugin. -->","yoast_head_json":{"title":"Esdeveniments i Serveis Audiovisuals Lloguer Pantalla de led Projector Laser","description":"Esdeveniments i Serveis Audiovisuals Lloguer Pantalla de led Projector Laser 4k Empresa C\u00e0mera HD Traducci\u00f3 simult\u00e0nia Professional","robots":{"index":"index","follow":"follow","max-snippet":"max-snippet:-1","max-image-preview":"max-image-preview:large","max-video-preview":"max-video-preview:-1"},"canonical":"http:\/\/laser-av.com\/ca\/esdeveniments\/","og_locale":"ca_ES","og_type":"article","og_title":"Esdeveniments i Serveis Audiovisuals Lloguer Pantalla de led Projector Laser","og_description":"Esdeveniments i Serveis Audiovisuals Lloguer Pantalla de led Projector Laser 4k Empresa C\u00e0mera HD Traducci\u00f3 simult\u00e0nia Professional","og_url":"http:\/\/laser-av.com\/ca\/esdeveniments\/","og_site_name":"Laser Audiovisuales","article_publisher":"https:\/\/www.facebook.com\/laseraudiovisuales\/","article_modified_time":"2026-04-25T05:26:43+00:00","twitter_card":"summary_large_image","schema":{"@context":"https:\/\/schema.org","@graph":[{"@type":"WebPage","@id":"http:\/\/laser-av.com\/ca\/esdeveniments\/","url":"http:\/\/laser-av.com\/ca\/esdeveniments\/","name":"Esdeveniments i Serveis Audiovisuals Lloguer Pantalla de led Projector Laser","isPartOf":{"@id":"http:\/\/laser-av.com\/ca\/#website"},"datePublished":"2018-10-24T13:13:31+00:00","dateModified":"2026-04-25T05:26:43+00:00","description":"Esdeveniments i Serveis Audiovisuals Lloguer Pantalla de led Projector Laser 4k Empresa C\u00e0mera HD Traducci\u00f3 simult\u00e0nia Professional","breadcrumb":{"@id":"http:\/\/laser-av.com\/ca\/esdeveniments\/#breadcrumb"},"inLanguage":"ca","potentialAction":[{"@type":"ReadAction","target":["http:\/\/laser-av.com\/ca\/esdeveniments\/"]}]},{"@type":"BreadcrumbList","@id":"http:\/\/laser-av.com\/ca\/esdeveniments\/#breadcrumb","itemListElement":[{"@type":"ListItem","position":1,"name":"Portada","item":"https:\/\/laser-av.com\/ca\/"},{"@type":"ListItem","position":2,"name":"Esdeveniments"}]},{"@type":"WebSite","@id":"http:\/\/laser-av.com\/ca\/#website","url":"http:\/\/laser-av.com\/ca\/","name":"Laser Audiovisuales","description":"Empresa de Alquiler de Audiovisuales","publisher":{"@id":"http:\/\/laser-av.com\/ca\/#organization"},"potentialAction":[{"@type":"SearchAction","target":{"@type":"EntryPoint","urlTemplate":"http:\/\/laser-av.com\/ca\/?s={search_term_string}"},"query-input":"required name=search_term_string"}],"inLanguage":"ca"},{"@type":"Organization","@id":"http:\/\/laser-av.com\/ca\/#organization","name":"Laser Audiovisuales","url":"http:\/\/laser-av.com\/ca\/","logo":{"@type":"ImageObject","inLanguage":"ca","@id":"http:\/\/laser-av.com\/ca\/#\/schema\/logo\/image\/","url":"http:\/\/laser-av.com\/wp-content\/uploads\/2019\/07\/logo-laser.png","contentUrl":"http:\/\/laser-av.com\/wp-content\/uploads\/2019\/07\/logo-laser.png","width":731,"height":253,"caption":"Laser Audiovisuales"},"image":{"@id":"http:\/\/laser-av.com\/ca\/#\/schema\/logo\/image\/"},"sameAs":["https:\/\/www.facebook.com\/laseraudiovisuales\/","https:\/\/www.instagram.com\/laseraudiovisuales\/"]}]}},"_links":{"self":[{"href":"http:\/\/laser-av.com\/ca\/wp-json\/wp\/v2\/pages\/141"}],"collection":[{"href":"http:\/\/laser-av.com\/ca\/wp-json\/wp\/v2\/pages"}],"about":[{"href":"http:\/\/laser-av.com\/ca\/wp-json\/wp\/v2\/types\/page"}],"author":[{"embeddable":true,"href":"http:\/\/laser-av.com\/ca\/wp-json\/wp\/v2\/users\/3"}],"replies":[{"embeddable":true,"href":"http:\/\/laser-av.com\/ca\/wp-json\/wp\/v2\/comments?post=141"}],"version-history":[{"count":2,"href":"http:\/\/laser-av.com\/ca\/wp-json\/wp\/v2\/pages\/141\/revisions"}],"predecessor-version":[{"id":1198,"href":"http:\/\/laser-av.com\/ca\/wp-json\/wp\/v2\/pages\/141\/revisions\/1198"}],"wp:attachment":[{"href":"http:\/\/laser-av.com\/ca\/wp-json\/wp\/v2\/media?parent=141"}],"curies":[{"name":"wp","href":"https:\/\/api.w.org\/{rel}","templated":true}]}}

<!-- This site is optimized with the Yoast SEO plugin v23.1 - https://yoast.com/wordpress/plugins/seo/ -->
<title>Esdeveniments i Serveis Audiovisuals Lloguer Pantalla de led Projector Laser</title>
<meta name="description" content="Esdeveniments i Serveis Audiovisuals Lloguer Pantalla de led Projector Laser 4k Empresa Càmera HD Traducció simultània Professional" />
<meta name="robots" content="index, follow, max-snippet:-1, max-image-preview:large, max-video-preview:-1" />
<link rel="canonical" href="http://laser-av.com/ca/esdeveniments/" />
<meta property="og:locale" content="ca_ES" />
<meta property="og:type" content="article" />
<meta property="og:title" content="Esdeveniments i Serveis Audiovisuals Lloguer Pantalla de led Projector Laser" />
<meta property="og:description" content="Esdeveniments i Serveis Audiovisuals Lloguer Pantalla de led Projector Laser 4k Empresa Càmera HD Traducció simultània Professional" />
<meta property="og:url" content="http://laser-av.com/ca/esdeveniments/" />
<meta property="og:site_name" content="Laser Audiovisuales" />
<meta property="article:publisher" content="https://www.facebook.com/laseraudiovisuales/" />
<meta property="article:modified_time" content="2026-04-25T05:26:43+00:00" />
<meta name="twitter:card" content="summary_large_image" />
<script type="application/ld+json" class="yoast-schema-graph">{"@context":"https://schema.org","@graph":[{"@type":"WebPage","@id":"http://laser-av.com/ca/esdeveniments/","url":"http://laser-av.com/ca/esdeveniments/","name":"Esdeveniments i Serveis Audiovisuals Lloguer Pantalla de led Projector Laser","isPartOf":{"@id":"http://laser-av.com/ca/#website"},"datePublished":"2018-10-24T13:13:31+00:00","dateModified":"2026-04-25T05:26:43+00:00","description":"Esdeveniments i Serveis Audiovisuals Lloguer Pantalla de led Projector Laser 4k Empresa Càmera HD Traducció simultània Professional","breadcrumb":{"@id":"http://laser-av.com/ca/esdeveniments/#breadcrumb"},"inLanguage":"ca","potentialAction":[{"@type":"ReadAction","target":["http://laser-av.com/ca/esdeveniments/"]}]},{"@type":"BreadcrumbList","@id":"http://laser-av.com/ca/esdeveniments/#breadcrumb","itemListElement":[{"@type":"ListItem","position":1,"name":"Portada","item":"https://laser-av.com/ca/"},{"@type":"ListItem","position":2,"name":"Esdeveniments"}]},{"@type":"WebSite","@id":"http://laser-av.com/ca/#website","url":"http://laser-av.com/ca/","name":"Laser Audiovisuales","description":"Empresa de Alquiler de Audiovisuales","publisher":{"@id":"http://laser-av.com/ca/#organization"},"potentialAction":[{"@type":"SearchAction","target":{"@type":"EntryPoint","urlTemplate":"http://laser-av.com/ca/?s={search_term_string}"},"query-input":"required name=search_term_string"}],"inLanguage":"ca"},{"@type":"Organization","@id":"http://laser-av.com/ca/#organization","name":"Laser Audiovisuales","url":"http://laser-av.com/ca/","logo":{"@type":"ImageObject","inLanguage":"ca","@id":"http://laser-av.com/ca/#/schema/logo/image/","url":"http://laser-av.com/wp-content/uploads/2019/07/logo-laser.png","contentUrl":"http://laser-av.com/wp-content/uploads/2019/07/logo-laser.png","width":731,"height":253,"caption":"Laser Audiovisuales"},"image":{"@id":"http://laser-av.com/ca/#/schema/logo/image/"},"sameAs":["https://www.facebook.com/laseraudiovisuales/","https://www.instagram.com/laseraudiovisuales/"]}]}</script>
<!-- / Yoast SEO plugin. -->

Esdeveniments i Serveis Audiovisuals Lloguer Pantalla de led Projector Laser 4k Empresa Càmera HD Traducció simultània Professional
